ens digit of a?
1
What is the units digit of (-22 + 5)*-28 - (-12)/3?
0
Suppose -4*h - 15 = -9*h. Suppose -z = h*z - 116. Suppose d + 4*d + 3*n = 45, n = -4*d + z. What is the units digit of d?
6
Suppose -3*h + 613 + 1118 = 0. What is the tens digit of h?
7
Let q = -356 + 386. What is the units digit of q?
0
Let h(r) = -r**2 - r + 32. Let i be h(-6). What is the units digit of (208 - 8) + (-3 - i)?
5
Let h(z) = -3 + 4*z - 6 + z + 2. What is the tens digit of h(14)?
6
Let i(q) = -q**3 - 10*q**2 - 9*q + 3. What is the units digit of i(-10)?
3
Suppose 8*s - 10209 = -1713. What is the units digit of s?
2
Suppose 0 = 111*y - 101*y - 7030. What is the tens digit of y?
0
Suppose 0 = q + 6*q - 28. Let b(c) = 3*c - 47*c + 1 + q*c. What is the units digit of b(-1)?
1
Suppose -a = -5*a + 8, 3*a = -4*x + 18. What is the units digit of 1*8*(x + -1)*1?
6
Let i be (8/(-32)*-36)/(1/23). Suppose i = d + 22. What is the hundreds digit of d?
1
Let h = -215 + 118. Let s = -31 - h. What is the units digit of s?
6
Suppose 2*z + 21 + 63 = 0. Suppose -3*k = 7 + 17. Let t = k - z. What is the units digit of t?
4
Let q = -14 + 9. Let r be (q - 1) + (-1 - -2). Let h = r - -15. What is the units digit of h?
0
What is the units digit of 8264/9 - 86/387?
8
Let x(y) = 4*y**3 - 6*y**2 - 2*y + 4. What is the tens digit of x(5)?
4
Let l(m) = 4*m + 3. What is the units digit of l(4)?
9
Let c(y) = 42 + 13 - 112 + 28 - 3*y. What is the units digit of c(-10)?
1
Let q(z) = -15*z**3 - 4*z**2 - 5*z - 14. What is the units digit of q(-4)?
2
What is the hundreds digit of 5489 - -9*(-36)/27?
4
Suppose -7*t - 1093 = -155. Let s = -57 - t. What is the tens digit of s?
7
Let n(t) be the third derivative of t**6/120 - 3*t**5/20 - 3*t**4/8 - t**3/2 + 13*t**2. What is the units digit of n(10)?
7
Suppose -o - 8 = -f - 5, -5*o - 5*f = -35. Let m be ((-3)/(-4))/(o/8). Suppose -4*x + 5 = -m. What is the units digit of x?
2
Let p be (-6)/(-10) - -14*(-3)/(-30). Suppose z = p*q - z - 94, -5*q - 4*z = -226. What is the tens digit of q?
4
Suppose 0 = 5*r + 2*z - 18, 7*r = 3*r + 5*z - 12. Suppose 2*o = -r*o. Suppose o*h - 3*h = -69. What is the units digit of h?
3
Let b(k) = 12*k + 10 + k**3 - 9*k**2 - 5*k**2 + k**2. What is the tens digit of b(12)?
1
Suppose -3*f = 0, 3*i = -i - 4*f + 8. Suppose i*t = v, v + 6*t - 6 = 2*t. Suppose -3*z = -5*o - 68 - 14, 0 = -z + v*o + 28. What is the units digit of z?
4
Let d(i) = i**3 - 8*i**2 + 2*i - 21. What is the units digit of d(11)?
4
Let g(b) = -4 - 6 - 3*b + 18 + 10. Let t be g(8). Let j = t - -31. What is the units digit of j?
5
Let x be (-1)/(-2)*4*1. Let p(b) = -4 - 1 - b**x - 7 - 14*b. What is the tens digit of p(-6)?
3
Let j be 335 + 164/(-52) + 4/26. Let k = j + -218. What is the tens digit of k?
1
Let v be 2/13 + 4/(-26). Suppose v = p + 33 - 222. What is the units digit of p?
9
Let y(v) = -66*v + 27*v + 6*v**2 - 2 + 35*v + v**3. Let z = -10 - -4. What is the units digit of y(z)?
2
Let f be (1/(-2))/(1/(-16)). What is the units digit of (-9)/(-6) + 316/f?
1
Let d(z) = 4*z**3 + 5*z**2 - 5*z + 1. Let r = 49 - 47. What is the tens digit of d(r)?
4
Suppose -81*q = -71*q - 3230. What is the tens digit of q?
2
Let g = 112 - 70. Let h(p) = -2*p**3 - 16*p**2 - 15*p - 12. Let v be h(-7). Let r = g + v. What is the units digit of r?
7
Suppose 2*b + w = 33, -4*b - 3*w + 61 = -2*w. Suppose 0 = 7*z - b - 84. What is the tens digit of z?
1
What is the tens digit of (-2)/6*(19 - 1501)?
9
What is the tens digit of -1*(-2 + 1)*22281/21?
6
Let g(w) = -w - 9 + 4*w**3 + 29 - 3*w**3. Suppose 0 = 4*z + 2*m, -5*z = -8*z - 5*m. What is the units digit of g(z)?
0
Let n(y) = -y**2 + 7*y - 10. Let i(q) = -2*q**2 + 14*q - 20. Let c(k) = -6*i(k) + 11*n(k). Let s(a) = 3*a + 2. Let t be s(2). What is the units digit of c(t)?
8
Suppose 0 = 5*a - 1539 - 81. What is the tens digit of a?
2
Let u be (-9)/(-21) + (-714)/(-49). Let h = 11 - u. What is the tens digit of (-86)/h*(3 + -1)?
4
Let f(j) = j**3 - 5*j**2 - 7*j - 5. Let v be f(7). Let y = v + -21. Suppose -3*n + y = -31. What is the units digit of n?
8
Let n = 42 - -34. Suppose w = -w + 2*i + n, w = -5*i + 44. What is the units digit of w?
9
Let v(r) = -r**2 + 14*r + 2. Let b be v(14). Let u be 5/(5/b) + 1. Suppose 2*x - 82 = -6*h + 4*h, -u*x + 124 = 4*h. What is the units digit of x?
0
Suppose 0 = i - 3*k + 18 + 126, -3*i - 3*k - 444 = 0. Let j(g) = 2*g - 4. Let s be j(6). What is the units digit of (i/(-14))/(6/s)?
4
Let o(y) = -y**3 + 5*y**2 + 24*y + 1. Let g be o(8). What is the units digit of (191 - (0 - 2))*g?
3
Suppose -3*z - 5*a - 251 = -4*z, 792 = 3*z - 2*a. What is the hundreds digit of z?
2
Let c be (-28)/35*(-110)/4. Suppose -2*g - 2*g = -2*l - c, -3*g = l - 14. What is the units digit of g?
5
Let n(i) = 6*i - 17. Suppose -j - 3 = -9. What is the tens digit of n(j)?
1
Let x be (3 - -24 - 2) + 3. Let p = x + -13. Suppose -4*r + s - 21 + 106 = 0, 0 = r + s - p. What is the units digit of r?
0
What is the units digit of (((-471036)/(-24))/17)/(1/2)?
9
What is the tens digit of (50 - 51) + 798/1?
9
Let x(j) = 257*j - 152. What is the hundreds digit of x(6)?
3
Let o(j) = -14*j - 122. What is the units digit of o(-27)?
6
Let h be (1 - 7/2)/(11/22). Let m(i) = 12*i - 132. Let j(k) = k - 12. Let g(l) = 32*j(l) - 3*m(l). What is the units digit of g(h)?
2
Let r(u) = -38*u**3 - 14*u**2 - 22*u - 7. What is the hundreds digit of r(-4)?
2
Let x be (132/30)/((-1)/20). Let l = x - -188. Suppose -4*u = -0*u - l. What is the units digit of u?
5
What is the hundreds digit of 604 + 64/(48/6)?
6
Suppose -722 = 6*v + 46. Let w = 5 - v. What is the tens digit of w?
3
Let o = -117 + -117. Let i = -3 - o. What is the tens digit of i?
3
Let i = -3116 - -6740. What is the tens digit of i?
2
Let c(t) = -6*t - 5. Let w(b) = 25*b + 20. Let d(u) = 9*c(u) + 2*w(u). What is the units digit of d(-8)?
7
Suppose 4*z + 4*q + 4 = 0, -4*z = q + 2 - 7. Suppose 2*r = 2*c + 44, -2*c = -c - z*r + 19. Let n = -12 - c. What is the tens digit of n?
1
Let n = -46 + 132. Let b = n - 39. What is the units digit of b?
7
Let a(f) = -17*f + 16. What is the tens digit of a(-4)?
8
Suppose -1 = 7*l + 27. Let m(f) = 8*f**2 + 11*f + 4. What is the tens digit of m(l)?
8
Let p(h) = 8*h + 26. Let c be p(-7). What is the tens digit of 40 - ((-48)/c - (-2)/5)?
3
Let a(i) = i**2 - 2. Let s be a(3). Suppose 100 = s*d - 2*d. What is the tens digit of d?
2
Let g(q) = 3*q**2 - 4*q + 2. Let i be g(14). Let u = -361 + i. What is the tens digit of u?
7
Let c = 1213 + -845. What is the tens digit of c?
6
Suppose 1775 = 2*m - 3*b, 12*m - 14*m + 4*b = -1780. What is the tens digit of m?
8
What is the tens digit of -6 + (10*(-5)/10 - -755)?
4
Let h = -49 - -35. Suppose -5*u = -3*i - 2066, 2*i + 0*u - 4*u = -1376. What is the tens digit of i/(-28) - 4/h?
2
Suppose 8*h - 127 = 4*h + 5*i, h - 40 = 4*i. Suppose -3*f + 2*f = c + h, -5*f + 15 = 0. Let s = c + 86. What is the units digit of s?
5
Suppose -684 = -d - z, -5*d + 755 + 2663 = 3*z. What is the hundreds digit of d?
6
Let f = -693 - -1070. What is the tens digit of f?
7
Suppose 2*y - 4*r = 20, -5 = -0*y + 2*y + r. Suppose 4*q + 262 - 718 = y. Suppose 0 = 4*g - g - q. What is the units digit of g?
8
Let q(j) be the third derivative of -j**5/15 + j**4/6 - 4*j**3/3 - 3*j**2. Let f be q(-6). What is the tens digit of 3/(6/f*-4)?
2
Suppose 4*c + 6*l - 37 = l, 2 = -c - 5*l. Let v = c + 20. What is the units digit of v?
3
Let h(t) = -t**2 - 5*t - 6. Let z be h(-13). Let u = z + 56. What is the tens digit of (-20)/(-3)*u/(-12)?
3
Let t(p) = -56*p - 285. What is the units digit of t(-20)?
5
Let y = -272 + 478. What is the hundreds digit of y?
2
Let g be (-1)/4 - (-45)/20. Suppose 2*o - 200 = h, o + g*h + 196 = 3*o. What is the hundreds digit of o?
1
Let h = 8 - 5. Suppose -3*g = -c + 5*c - 35, h*g + 9 = 0. What is the tens digit of c?
1
Let v = 156 + 176. What is the tens digit of v?
3
Suppose 3493 = 3*m - 5*u, 6*m - 9*m + 3533 = 5*u. What is the tens digit of m?
7
Suppose 24 = 4*h - 0. Suppose -144 = -4*n + 5*r, 11*r = h*r. What is the tens digit of n?
3
Let s be 25266/(-27) + 2/(-9). What is the tens digit of 8/20 - s/10?
9
Let b = -817 - -2064. What is the units digit of b?
7
What is the units digit of 4/(-28) - 12602*(-1)/14?
0
Suppose -4